{"id":12464,"date":"2023-09-29T21:58:08","date_gmt":"2023-09-29T18:58:08","guid":{"rendered":"http:\/\/welbard.com\/?page_id=12464"},"modified":"2023-12-28T20:32:25","modified_gmt":"2023-12-28T17:32:25","slug":"haberler","status":"publish","type":"page","link":"https:\/\/welbard.com\/?page_id=12464&lang=tr","title":{"rendered":"Haberler"},"content":{"rendered":"\t\t<div data-elementor-type=\"wp-page\" data-elementor-id=\"12464\" class=\"elementor elementor-12464\">\n\t\t\t\t\t\t\t<div class=\"elementor-element elementor-element-d7a3ba2 e-con-full e-flex e-con e-parent\" data-id=\"d7a3ba2\" data-element_type=\"container\" data-settings=\"{&quot;content_width&quot;:&quot;full&quot;,&quot;background_background&quot;:&quot;classic&quot;}\" data-core-v316-plus=\"true\">\n\t\t\t\t<div class=\"elementor-element elementor-element-d1728f4 elementor-widget elementor-widget-heading\" data-id=\"d1728f4\" data-element_type=\"widget\" data-widget_type=\"heading.default\">\n\t\t\t\t<div class=\"elementor-widget-container\">\n\t\t\t<style>\/*! elementor - v3.18.0 - 20-12-2023 *\/\n.elementor-heading-title{padding:0;margin:0;line-height:1}.elementor-widget-heading .elementor-heading-title[class*=elementor-size-]>a{color:inherit;font-size:inherit;line-height:inherit}.elementor-widget-heading .elementor-heading-title.elementor-size-small{font-size:15px}.elementor-widget-heading .elementor-heading-title.elementor-size-medium{font-size:19px}.elementor-widget-heading .elementor-heading-title.elementor-size-large{font-size:29px}.elementor-widget-heading .elementor-heading-title.elementor-size-xl{font-size:39px}.elementor-widget-heading .elementor-heading-title.elementor-size-xxl{font-size:59px}<\/style><h1 class=\"elementor-heading-title elementor-size-default\">HABERLER<\/h1>\t\t<\/div>\n\t\t\t\t<\/div>\n\t\t\t\t<\/div>\n\t\t<div class=\"elementor-element elementor-element-c28384c e-flex e-con-boxed e-con e-parent\" data-id=\"c28384c\" data-element_type=\"container\" data-settings=\"{&quot;content_width&quot;:&quot;boxed&quot;}\" data-core-v316-plus=\"true\">\n\t\t\t\t\t<div class=\"e-con-inner\">\n\t\t\t\t<div class=\"elementor-element elementor-element-3cb47f8 elementor-widget elementor-widget-a13fe-post-list\" data-id=\"3cb47f8\" data-element_type=\"widget\" data-widget_type=\"a13fe-post-list.default\">\n\t\t\t\t<div class=\"elementor-widget-container\">\n\t\t\t<div class=\"bricks-frame posts-bricks posts-bricks-1  posts_vertical_centered posts-columns-3\"><div class=\"posts-grid-container\" data-margin=\"5\"><div class=\"grid-master\"><\/div><div class=\"archive-item w1 post-12326 post type-post status-publish format-standard has-post-thumbnail category-haber\" data-category-3=\"1\" itemtype=\"https:\/\/schema.org\/CreativeWork\" itemscope><div class=\"item-image post-media\"><a href=\"https:\/\/welbard.com\/?p=12326&#038;lang=tr\"><img decoding=\"async\" width=\"637\" src=\"https:\/\/welbard.com\/wp-content\/uploads\/2023\/09\/test.jpg\" class=\"attachment-637x0x1xx90 size-637x0x1xx90 wp-post-image\" alt=\"\" itemprop=\"image\" \/><\/a><\/div>\r\n<div class=\"formatter\">\r\n    <div class=\"real-content hentry\">\r\n\r\n        <h2 class=\"post-title entry-title\" itemprop=\"headline\"><a href=\"https:\/\/welbard.com\/?p=12326&#038;lang=tr\" itemprop=\"url\">WELBARD \u00dcR\u00dcNLER\u0130, GLOBAL TESTLERDE EN Y\u00dcKSEK PUANLARI ALIYOR!<\/a><\/h2>\r\n        <div class=\"entry-summary\" itemprop=\"text\">\r\n        <p>Gururla duyuruyoruz ki Welbard \u00fcr\u00fcnleri d\u00fcnya genelindeki y\u00fcksek teknoloji \u00fcretim&hellip;<\/p>\n<p> <a class=\"more-link\" href=\"https:\/\/welbard.com\/?p=12326&#038;lang=tr\">Read more<\/a><\/p>\n        <\/div>\r\n\r\n        <div class=\"clear\"><\/div>\r\n\r\n                \r\n    <\/div>\r\n<\/div><\/div><div class=\"archive-item w1 post-12347 post type-post status-publish format-standard has-post-thumbnail category-haber\" data-category-3=\"1\" itemtype=\"https:\/\/schema.org\/CreativeWork\" itemscope><div class=\"item-image post-media\"><a href=\"https:\/\/welbard.com\/?p=12347&#038;lang=tr\"><img decoding=\"async\" width=\"637\" src=\"https:\/\/welbard.com\/wp-content\/uploads\/2018\/01\/WhatsApp-Image-2023-09-18-at-18.18.19.jpeg\" class=\"attachment-637x0x1xx90 size-637x0x1xx90 wp-post-image\" alt=\"\" itemprop=\"image\" \/><\/a><\/div>\r\n<div class=\"formatter\">\r\n    <div class=\"real-content hentry\">\r\n\r\n        <h2 class=\"post-title entry-title\" itemprop=\"headline\"><a href=\"https:\/\/welbard.com\/?p=12347&#038;lang=tr\" itemprop=\"url\">Welbard 25. Uluslararas\u0131 Intermob Fuar\u0131&#8217;nda!<\/a><\/h2>\r\n        <div class=\"entry-summary\" itemprop=\"text\">\r\n        <p>http:\/\/welbard.com\/wp-content\/uploads\/2018\/01\/WhatsApp-Video-2023-09-30-at-13.09.12.mp4 Welbard olarak bu y\u0131l\u0131n 25. Uluslararas\u0131 Mobilya Yan Sanayi,&hellip;<\/p>\n<p> <a class=\"more-link\" href=\"https:\/\/welbard.com\/?p=12347&#038;lang=tr\">Read more<\/a><\/p>\n        <\/div>\r\n\r\n        <div class=\"clear\"><\/div>\r\n\r\n                \r\n    <\/div>\r\n<\/div><\/div><\/div><\/div>\t\t<\/div>\n\t\t\t\t<\/div>\n\t\t\t\t\t<\/div>\n\t\t\t\t<\/div>\n\t\t\t\t\t\t\t<\/div>\n\t\t","protected":false},"excerpt":{"rendered":"<p>HABERLER WELBARD \u00dcR\u00dcNLER\u0130, GLOBAL TESTLERDE EN Y\u00dcKSEK PUANLARI ALIYOR! Gururla&hellip;<\/p>\n<p> <a class=\"more-link\" href=\"https:\/\/welbard.com\/?p=12347&#038;lang=tr\">Read more<\/a><\/p>\n","protected":false},"author":1,"featured_media":0,"parent":0,"menu_order":0,"comment_status":"closed","ping_status":"closed","template":"elementor_header_footer","meta":{"footnotes":""},"class_list":["post-12464","page","type-page","status-publish"],"aioseo_notices":[],"_links":{"self":[{"href":"https:\/\/welbard.com\/index.php?rest_route=\/wp\/v2\/pages\/12464","targetHints":{"allow":["GET"]}}],"collection":[{"href":"https:\/\/welbard.com\/index.php?rest_route=\/wp\/v2\/pages"}],"about":[{"href":"https:\/\/welbard.com\/index.php?rest_route=\/wp\/v2\/types\/page"}],"author":[{"embeddable":true,"href":"https:\/\/welbard.com\/index.php?rest_route=\/wp\/v2\/users\/1"}],"replies":[{"embeddable":true,"href":"https:\/\/welbard.com\/index.php?rest_route=%2Fwp%2Fv2%2Fcomments&post=12464"}],"version-history":[{"count":6,"href":"https:\/\/welbard.com\/index.php?rest_route=\/wp\/v2\/pages\/12464\/revisions"}],"predecessor-version":[{"id":12518,"href":"https:\/\/welbard.com\/index.php?rest_route=\/wp\/v2\/pages\/12464\/revisions\/12518"}],"wp:attachment":[{"href":"https:\/\/welbard.com\/index.php?rest_route=%2Fwp%2Fv2%2Fmedia&parent=12464"}],"curies":[{"name":"wp","href":"https:\/\/api.w.org\/{rel}","templated":true}]}}